Suppose -3*u = -5*c + 4395, 2*u + 2328 + 1188 = 4*c. List the prime factors of c.
3, 293
Let f(z) = 22*z**2 - 9*z - 15. What are the prime factors of f(-3)?
2, 3, 5, 7
What are the prime factors of (5364/(-32))/(3/(-4))*2?
3, 149
Suppose 0 = 4*v - 2*v. Let j(w) = v*w + 4*w + w**2 - w + 3 + 2*w. List the prime factors of j(-5).
3
Suppose -f + 297 = -204. List the prime factors of f.
3, 167
Suppose 258*c - 269*c + 2222 = 0. List the prime factors of c.
2, 101
Let u = -57 + 45. What are the prime factors of (32/u - -2)*714/(-4)?
7, 17
Let g be (-3)/((-12)/2744) - -4. What are the prime factors of g/8 - (-6)/8?
3, 29
Let n = 1 + -12. Let i = 60 - n. What are the prime factors of i?
71
Suppose -5*g - 5*l + 639 = -g, 0 = -3*g - 3*l + 477. Let n = g - 276. Let t = -60 - n. What are the prime factors of t?
2, 3, 5
Let r(j) = 5*j**3 - j. Let s be r(1). List the prime factors of 290/s*(-8)/(-10).
2, 29
Let q(c) = c**3 + c + 7. Let t be q(0). Suppose -2*p = -5*g - 23, 2*p - 24 = -3*g + t. List the prime factors of p.
2, 7
Suppose 0*d - n = -2*d + 7, 3*d + 6 = -4*n. Let q be (-6)/(-15) + (-2)/5. Suppose -3*y + 100 = 4*z - 7*y, d*y = q. List the prime factors of z.
5
Suppose -3*u = -0*u - 6. Let l(z) = z - 2. Let i be l(0). List the prime factors of u*(-3 + (-9)/i).
3
Let c(v) be the second derivative of v**3/6 + 4*v**2 - 5*v. Let a be c(-11). List the prime factors of a/(-6)*2 + 32.
3, 11
Suppose -3*g - 120 = -6*g. Let v be -69*((-3)/(-9) + 0). Let y = g + v. List the prime factors of y.
17
What are the prime factors of (-8)/(-6) + ((-71555)/(-33))/5?
3, 5, 29
Let d(s) = 6*s + 21. Let j = 3 + 5. What are the prime factors of d(j)?
3, 23
Suppose 3496 = 56*c - 117072. List the prime factors of c.
2153
Let h = 704 - 566. What are the prime factors of h?
2, 3, 23
Let a(q) = q**3 + 8*q**2 + 7*q + 3. Let d be a(-7). Suppose 4*v = -2*p - 0*p + 372, -d*v = 2*p - 281. What are the prime factors of v?
7, 13
Let u = -29 + 40. Suppose 36 - u = 5*r. Suppose 0 = r*o - 0 - 70. What are the prime factors of o?
2, 7
Let f(l) = l + 9. Suppose -7 = 3*o + 8. Let n be f(o). Suppose 2*d - 82 = n*x, 5*d - 2*x - 185 = 3*x. What are the prime factors of d?
3, 11
Let p be (-2 + 8)*(-2)/(-4). Suppose -4*i - 4*m = -52, -p*i - 21 + 56 = -m. List the prime factors of (-8)/(-5) - i/(-30).
2
Let j(q) = 3*q**3 + 3*q**2 - 18*q + 26. List the prime factors of j(8).
2, 5, 7, 23
Let c = 126 + -123. List the prime factors of 108/(-90)*(-40)/c.
2
Let u be (27/18)/((-1)/(-2)). Suppose 18 = -u*n + 9*n. Suppose -n*l + 164 = -28. List the prime factors of l.
2
Suppose 2*p + 2*p = 88. Let a = p - -1. Suppose 2 = j - a. What are the prime factors of j?
5
Let d = 9 + -5. Suppose -d*k = q - 3, 0 = -3*k + 4*k + 5*q + 23. Suppose -220 = k*c - 6*c. List the prime factors of c.
5, 11
Suppose 6*r - 7*r + 4 = 0. Suppose r*f - 157 + 21 = 0. List the prime factors of f.
2, 17
Let z(y) = -y**2 + 24*y - 5. Suppose -4*f - 2*b + 64 = 0, -5*b + 29 - 5 = 2*f. What are the prime factors of z(f)?
2, 3, 19
Suppose 4*a - 5*o + o - 36 = 0, 0 = -3*a + 4*o + 30. Suppose a = -3*s - 0. Let v = 51 + s. List the prime factors of v.
7
List the prime factors of (-438)/5*100/(-15) + 3.
587
Let s(h) = h**2 + 30. Let m be s(-10). Suppose -r - 3*r - m = -w, 5*r - 85 = -w. What are the prime factors of w?
2, 5, 11
What are the prime factors of (24/(-15))/((-4)/1060 + 0)?
2, 53
Let t(s) = s**2 + 18*s - 17. Let z(g) = 2*g**2 + 36*g - 35. Let x(p) = -13*t(p) + 6*z(p). What are the prime factors of x(-11)?
2, 11
Let f(w) = 39*w**2 + 23*w + 8. What are the prime factors of f(-5)?
2, 7, 31
Let f = 276 - 461. What are the prime factors of (-53354)/f - (-6)/10?
17
Let f(i) = i + 13. Let d be f(-8). Suppose -d*n + 75 = -4*n. Suppose 3*g - 3*v - n = 0, -v - 77 = -5*g + 2*g. What are the prime factors of g?
2, 13
Let w(c) = -c**3 - 5*c**2 - 2*c - 9. Let k be w(-5). Let p be k + (-1340)/5 - -2. List the prime factors of p/(-15) + 3/9.
2, 3
Let t be ((-15)/9 + 0)*-3. Suppose -6 = -c - t. Let y = 3 - c. List the prime factors of y.
2
Let g be (-18)/45 + 54/10. Suppose 3*p - 2 = 4. Suppose p + g = w. List the prime factors of w.
7
Suppose -15*y + 9551 = 491. List the prime factors of y.
2, 151
Let c(q) = 144*q**3 + 2*q**2 + 5*q - 6. What are the prime factors of c(1)?
5, 29
Suppose -786 = 2*k - 4*q, 0 = 3*k - q - 2*q + 1191. Let f be k/4 - 6/8. Let j = f + 148. List the prime factors of j.
47
Let n(c) be the second derivative of 5*c**3/6 + 21*c**2/2 - 15*c. List the prime factors of n(0).
3, 7
Suppose -3975 = -3*t + c, 0 = 21*t - 25*t - c + 5307. List the prime factors of t.
2, 3, 13, 17
Suppose 2*m = -m + 15. Let a(n) be the third derivative of n**4/8 + 2*n**2. What are the prime factors of a(m)?
3, 5
What are the prime factors of (-9 + 2608 - -1) + 3 + -7?
2, 11, 59
Suppose 5*p - r - 1263 = 0, 1301 = 4*p - 7*r + 272. List the prime factors of p.
2, 3, 7
Let x = -1 - -4. Suppose 7*i - x*i = -24. List the prime factors of (16/i)/((-4)/18).
2, 3
Let o(x) = -x**2 + 32*x - 50. What are the prime factors of o(12)?
2, 5, 19
Let q be (-270)/24*32/12. What are the prime factors of 45/q + (-426)/(-4)?
3, 5, 7
Suppose -13 = -m + 1. Let g be (-4)/(8/m) + 3. What are the prime factors of (g - -3 - -2)*5?
5
Suppose 16*k = -25611 + 101339. List the prime factors of k.
4733
Let a(m) = m - 3*m + 6 + 21*m**2 - m**3 + 2*m**3. Let v(y) = 2*y**2 - 11*y - 9. Let n be v(4). List the prime factors of a(n).
2, 3
Let u(t) = -t**3 + 5*t**2 - t + 5. Let m be u(5). Suppose m*c - 98 = -2*c. Suppose 193 - c = 3*i. List the prime factors of i.
2, 3
Suppose 2*z = -5*z + 840. Suppose -c = -3*c - z. Let j = c + 95. List the prime factors of j.
5, 7
Let y(l) = 7*l**3 - 8*l**2 + 4*l + 2. Let f(o) = 13*o**3 - 16*o**2 + 8*o + 3. Let g(q) = -6*f(q) + 11*y(q). List the prime factors of g(6).
2, 13
Suppose -g = -5*p - 2*g + 965, p - 3*g - 177 = 0. Suppose -3*s = s - p. What are the prime factors of s?
2, 3
Let i(x) = x**3 + 11*x**2 - 10*x + 14. Let r(c) = -9*c**3 - 4*c**2 + c + 1. Let a be r(1). What are the prime factors of i(a)?
2, 31
Suppose -5*p = -4 + 9. Let y be p*(-300)/4 - 0. Let k = y - 50. List the prime factors of k.
5
Let d(z) = -3*z - 11. Let k(j) = -16*j - 56. Let v(h) = -11*d(h) + 2*k(h). Let p be v(-7). Suppose 0 = p*l - 76 + 18. List the prime factors of l.
29
Suppose -266 - 392 = 7*j. Let y = j + 153. List the prime factors of y.
59
Let g(l) = l**2 + l - 2. Let b(y) = y**2 + 9*y - 18. Let k be b(-10). List the prime factors of g(k).
2, 3
Let o(n) be the second derivative of n**6/80 - n**5/10 - 3*n**4/4 + 3*n. Let m(l) be the third derivative of o(l). What are the prime factors of m(5)?
3, 11
Let x(j) = -j - 23. Let w be x(12). What are the prime factors of 20/w + 2448/21?
2, 29
Suppose z = 657 - 210. List the prime factors of z.
3, 149
Let t(r) = 7*r + 5. Let c be t(-2). Let y be c/12 - (-92)/16. Suppose 38 + 6 = 2*x + i, -113 = -y*x - 4*i. List the prime factors of x.
3, 7
Let i = 1586 + -822. What are the prime factors of i?
2, 191
Let i(k) = 3*k + 110. Let v = 56 - 88. What are the prime factors of i(v)?
2, 7
Let n(r) = 24*r**3 + 8*r**2 + 32*r - 118. List the prime factors of n(5).
2, 1621
List the prime factors of 3/(6/24 + (-1)/20).
3, 5
Let j(a) = a - 5. Let d be j(5). Suppose -5*y - 3*h + 0*h = -21, 4*y - 2*h = 8. Suppose d = -f + y*f - 10. List the prime factors of f.
5
What are the prime factors of (11/33)/((-5)/(-2490))?
2, 83
Suppose 3*x - 21 = -9. Suppose -4*k = 2*s - 5*s + 129, x*k = -3*s + 129. List the prime factors of s.
43
Let v(s) = 3*s**2 - 10*s + 2. Let q(h) = 8*h**2 - 29*h + 5. Let a(g) = -4*q(g) + 11*v(g). Let x be a(-6). What are the prime factors of 0 - x - 144/(-6)?
2, 11
Let x = -4243 + 7728. List the prime factors of x.
5, 17, 41
Let t(x) = 8*x**3 - 3*x**2 - x - 4. Let b be t(3). Suppose 385 + b = 7*j. List the prime factors of j.
3
Let a(s) = -34*s - 183. List the prime factors of a(-35).
19, 53
Suppose 5 = 5*n - 0. Let o = 59 - n. What are the prime factors of o?
2, 29
Let m = 8 - 5. Let n = 336 - 338. List the prime factors of n/m - (-70)/6.
11
Suppose 151*q + 822 = 154*q. What are the prime factors of q?
2, 137
Let c = 4048 - 2132. List the prime factors of c.
2, 479
Let y(w) be the second derivative of -w + 0 - 1/6*w**3 + 17/2*w**2.